n 3147 is divided by 541?
442
What is the remainder when 4342 is divided by 473?
85
What is the remainder when 89036 is divided by 39?
38
Calculate the remainder when 6304 is divided by 604.
264
Calculate the remainder when 5624 is divided by 430.
34
Calculate the remainder when 522 is divided by 88.
82
What is the remainder when 367 is divided by 57?
25
Calculate the remainder when 10802 is divided by 401.
376
What is the remainder when 3813549 is divided by 373?
370
What is the remainder when 14244 is divided by 41?
17
Calculate the remainder when 6267 is divided by 412.
87
What is the remainder when 179962 is divided by 47?
46
Calculate the remainder when 123935 is divided by 61954.
27
What is the remainder when 100 is divided by 76?
24
Calculate the remainder when 2880 is divided by 674.
184
What is the remainder when 206537 is divided by 115?
112
Calculate the remainder when 1707 is divided by 67.
32
Calculate the remainder when 276063 is divided by 147.
144
Calculate the remainder when 131729 is divided by 27.
23
What is the remainder when 1061 is divided by 267?
260
Calculate the remainder when 46086 is divided by 344.
334
Calculate the remainder when 126675 is divided by 296.
283
Calculate the remainder when 24592 is divided by 24391.
201
Calculate the remainder when 28579 is divided by 35.
19
What is the remainder when 46341 is divided by 11579?
25
What is the remainder when 27955 is divided by 20?
15
Calculate the remainder when 9785 is divided by 72.
65
What is the remainder when 9784 is divided by 260?
164
Calculate the remainder when 757747 is divided by 1427.
10
Calculate the remainder when 18031 is divided by 311.
304
Calculate the remainder when 2197 is divided by 31.
27
Calculate the remainder when 4954 is divided by 18.
4
Calculate the remainder when 389 is divided by 383.
6
What is the remainder when 20204 is divided by 3367?
2
Calculate the remainder when 733 is divided by 661.
72
Calculate the remainder when 3909 is divided by 1767.
375
Calculate the remainder when 27890 is divided by 367.
365
Calculate the remainder when 104290 is divided by 2602.
210
Calculate the remainder when 1618 is divided by 158.
38
What is the remainder when 21134 is divided by 33?
14
Calculate the remainder when 30573 is divided by 5093.
15
What is the remainder when 10489 is divided by 68?
17
Calculate the remainder when 40193 is divided by 20030.
133
What is the remainder when 2074 is divided by 288?
58
What is the remainder when 90887 is divided by 20?
7
Calculate the remainder when 8192 is divided by 512.
0
Calculate the remainder when 4410 is divided by 452.
342
Calculate the remainder when 1773 is divided by 812.
149
Calculate the remainder when 253242 is divided by 100.
42
Calculate the remainder when 90463 is divided by 555.
553
What is the remainder when 108121 is divided by 21612?
61
What is the remainder when 459303 is divided by 2285?
18
What is the remainder when 432 is divided by 159?
114
Calculate the remainder when 162122 is divided by 81055.
12
What is the remainder when 20958 is divided by 6930?
168
Calculate the remainder when 40737 is divided by 9.
3
What is the remainder when 34663 is divided by 228?
7
Calculate the remainder when 37225 is divided by 170.
165
What is the remainder when 70982 is divided by 22?
10
Calculate the remainder when 1312 is divided by 246.
82
What is the remainder when 13583 is divided by 25?
8
What is the remainder when 363 is divided by 275?
88
Calculate the remainder when 3818 is divided by 18.
2
What is the remainder when 466660 is divided by 1158?
1144
What is the remainder when 194748 is divided by 107?
8
Calculate the remainder when 565637 is divided by 158.
155
What is the remainder when 328223 is divided by 416?
415
Calculate the remainder when 619 is divided by 34.
7
What is the remainder when 4493 is divided by 1109?
57
What is the remainder when 242333 is divided by 210?
203
What is the remainder when 45078 is divided by 740?
678
Calculate the remainder when 1017 is divided by 71.
23
Calculate the remainder when 3928 is divided by 875.
428
Calculate the remainder when 19564 is divided by 3885.
139
What is the remainder when 679533 is divided by 264?
261
What is the remainder when 613 is divided by 302?
9
What is the remainder when 705 is divided by 583?
122
What is the remainder when 3801 is divided by 278?
187
What is the remainder when 7088 is divided by 440?
48
What is the remainder when 3965 is divided by 677?
580
Calculate the remainder when 35772 is divided by 74.
30
What is the remainder when 21079 is divided by 17?
16
Calculate the remainder when 3399 is divided by 111.
69
What is the remainder when 26197 is divided by 137?
30
What is the remainder when 8619 is divided by 127?
110
Calculate the remainder when 21319 is divided by 135.
124
What is the remainder when 79 is divided by 25?
4
Calculate the remainder when 2216 is divided by 4.
0
What is the remainder when 35954 is divided by 20?
14
What is the remainder when 49929 is divided by 876?
873
Calculate the remainder when 2993 is divided by 13.
3
What is the remainder when 59132 is divided by 6569?
11
What is the remainder when 11051 is divided by 849?
14
What is the remainder when 500746 is divided by 13?
12
Calculate the remainder when 767 is divided by 126.
11
Calculate the remainder when 38552 is divided by 313.
53
What is the remainder when 11757 is divided by 20?
17
Calculate the remainder when 163294 is divided by 18.
16
What is the remainder when 246 is divided by 19?
18
What is the remainder when 34760 is divided by 16?
8
Calculate the remainder when 107791 is divided by 225.
16
Calculate the remainder when 101 is divided by 64.
37
Calculate the remainder when 65899 is divided by 5.
4
Calculate the remainder when 670 is divided by 148.
78
Calculate the remainder when 14569 is divided by 28.
9
Calculate the remainder when 8204 is divided by 4087.
30
What is the remainder when 14676 is divided by 2435?
66
What is the remainder when 131990 is divided by 56?
54
Calculate the remainder when 10446 is divided by 1740.
6
What is the remainder when 35965 is divided by 1126?
1059
What is the remainder when 13205 is divided by 104?
101
Calculate the remainder when 9966 is divided by 23.
7
Calculate the remainder when 134907 is divided by 6745.
7
What is the remainder when 3421771 is divided by 21?
10
Calculate the remainder when 745 is divided by 33.
19
What is the remainder when 207626 is divided by 84?
62
Calculate the remainder when 5889 is divided by 986.
959
Calculate the remainder when 8828 is divided by 62.
24
What is the remainder when 178564 is divided by 136?
132
Calculate the remainder when 3502417 is divided by 19.
14
What is the remainder when 468665 is divided by 99?
98
Calculate the remainder when 2170 is divided by 309.
7
What is the remainder when 2617 is divided by 2615?
2
Calculate the remainder when 7098 is divided by 229.
228
Calculate the remainder when 169 is divided by 47.
28
What is the remainder when 664347 is divided by 221438?
33
What is the remainder when 9565 is divided by 23?
20
What is the remainder when 713 is divided by 81?
65
Calculate the remainder when 41738 is divided by 31.
12
Calculate the remainder when 51890 is divided by 2881.
32
What is the remainder when 3205 is divided by 9?
1
Calculate the remainder when 11025 is divided by 1086.
165
Calculate the remainder when 2756 is divided by 32.
4
Calculate the remainder when 6333 is divided by 368.
77
What is the remainder when 732009 is divided by 6?
3
What is the remainder when 2918 is divided by 59?
27
Calculate the remainder when 11074 is divided by 289.
92
Calculate the remainder when 9814 is divided by 14.
0
Calculate the remainder when 130456 is divided by 61.
38
What is the remainder when 6977 is divided by 47?
21
What is the remainder when 10256 is divided by 76?
72
What is the remainder when 25032 is divided by 51?
42
Calculate the remainder when 5105 is divided by 366.
347
What is the remainder when 13767 is divided by 292?
43
What is the remainder when 65238 is divided by 32608?
22
What is the remainder when 7653 is divided by 190?
53
What is the remainder when 1627 is divided by 73?
21
What is the remainder when 6303 is divide